ime factors of 1335743709.
3, 127, 3505889
List the prime factors of 25404592.
2, 1587787
List the prime factors of 345237987.
3, 115079329
What are the prime factors of 447272069?
47, 61, 156007
What are the prime factors of 1238109696?
2, 3, 139, 1933
What are the prime factors of 6844580?
2, 5, 29, 11801
List the prime factors of 130697500.
2, 5, 23, 2273
What are the prime factors of 1589450026?
2, 6163, 128951
What are the prime factors of 26875190?
2, 5, 107, 25117
What are the prime factors of 5730245970?
2, 3, 5, 191008199
What are the prime factors of 1175186005?
5, 7, 19, 101, 17497
List the prime factors of 110256626.
2, 41, 1344593
What are the prime factors of 298657843?
11, 787, 34499
What are the prime factors of 23048343?
3, 2560927
List the prime factors of 111364500.
2, 3, 5, 13, 5711
List the prime factors of 121362793.
479, 253367
List the prime factors of 8139082631.
26113, 311687
What are the prime factors of 154566345?
3, 5, 353, 29191
List the prime factors of 94070661.
3, 31356887
List the prime factors of 2192085006.
2, 3, 365347501
What are the prime factors of 55080566?
2, 67, 411049
List the prime factors of 36634036.
2, 9158509
List the prime factors of 267250538.
2, 67, 83, 24029
What are the prime factors of 25604477?
29, 882913
What are the prime factors of 9550709?
7, 61, 22367
What are the prime factors of 212134922?
2, 31, 3421531
What are the prime factors of 39276748?
2, 7, 983, 1427
List the prime factors of 2911804800.
2, 3, 5, 303313
What are the prime factors of 222833244?
2, 3, 61, 304417
List the prime factors of 254512610.
2, 5, 11, 17, 12373
List the prime factors of 1316411734.
2, 11, 1013, 59069
List the prime factors of 4078587197.
47, 3739, 23209
List the prime factors of 5233430582.
2, 45971, 56921
List the prime factors of 1467188355.
3, 5, 97812557
List the prime factors of 175201827.
3, 151, 439, 881
What are the prime factors of 2180320939?
2180320939
List the prime factors of 216867316.
2, 54216829
List the prime factors of 98815182.
2, 3, 16469197
List the prime factors of 333081388.
2, 67, 1242841
List the prime factors of 1308211447.
1308211447
What are the prime factors of 47558767?
19, 211, 11863
List the prime factors of 145258749.
3, 16139861
What are the prime factors of 4506049087?
17, 29, 9140059
What are the prime factors of 76626879?
3, 7, 3648899
List the prime factors of 928968235.
5, 13, 19, 752201
What are the prime factors of 72441952?
2, 11, 131, 1571
What are the prime factors of 196441058?
2, 11, 8929139
List the prime factors of 31797128.
2, 11, 67, 5393
What are the prime factors of 206333423?
37, 5576579
What are the prime factors of 11218487?
7, 17, 94273
List the prime factors of 3335138.
2, 23, 72503
List the prime factors of 32791553.
32791553
What are the prime factors of 64824592?
2, 7, 37, 15643
List the prime factors of 85974930.
2, 3, 5, 955277
List the prime factors of 20214447.
3, 11, 23, 26633
List the prime factors of 248595532.
2, 167, 372149
List the prime factors of 113333457.
3, 37777819
List the prime factors of 34355151.
3, 43, 127, 233
List the prime factors of 356513566.
2, 67, 359, 7411
What are the prime factors of 37800389?
11, 3436399
What are the prime factors of 117769328?
2, 7360583
What are the prime factors of 302521929?
3, 100840643
What are the prime factors of 4420022?
2, 2210011
List the prime factors of 1443957318.
2, 3, 251, 319601
List the prime factors of 1990710542.
2, 43, 1097, 21101
List the prime factors of 80684054.
2, 11, 47, 78031
List the prime factors of 48711638.
2, 24355819
What are the prime factors of 90508034?
2, 17, 31, 43, 1997
List the prime factors of 553641966.
2, 3, 379727
List the prime factors of 701188292.
2, 7, 281, 89119
What are the prime factors of 719971251?
3, 113, 919, 2311
List the prime factors of 278377361.
463, 601247
What are the prime factors of 1982784501?
3, 19, 47717
What are the prime factors of 274294656?
2, 3, 238103
What are the prime factors of 174668781?
3, 7, 1188223
List the prime factors of 539006048.
2, 7, 2406277
What are the prime factors of 175349445?
3, 5, 113, 103451
What are the prime factors of 2482437649?
911, 2724959
What are the prime factors of 5792545044?
2, 3, 11, 13, 1125203
What are the prime factors of 1992353118?
2, 3, 7, 47436979
List the prime factors of 1285364668.
2, 7, 19, 547, 631
What are the prime factors of 7354768?
2, 139, 3307
What are the prime factors of 103630612?
2, 25907653
List the prime factors of 318051956.
2, 79512989
What are the prime factors of 134695622?
2, 353, 190787
What are the prime factors of 182077010?
2, 5, 179, 101719
List the prime factors of 6292813758.
2, 3, 7, 11, 43, 173, 1831
What are the prime factors of 4074297580?
2, 5, 29, 101, 157, 443
List the prime factors of 2062347194.
2, 1031173597
List the prime factors of 3568554705.
3, 5, 83, 2866309
What are the prime factors of 1267380870?
2, 3, 5, 7, 6035147
What are the prime factors of 3515084602?
2, 4481, 392221
What are the prime factors of 2693635927?
37, 72800971
List the prime factors of 180439190.
2, 5, 17, 1061407
List the prime factors of 2744130426.
2, 3, 457355071
What are the prime factors of 170685743?
170685743
List the prime factors of 75953572.
2, 18988393
List the prime factors of 321369937.
7, 6271, 7321
List the prime factors of 27366276.
2, 3, 7, 103, 3163
What are the prime factors of 1317157259?
11, 127, 942847
What are the prime factors of 50218145?
5, 59, 170231
List the prime factors of 245444899.
7, 127, 276091
List the prime factors of 683093480.
2, 5, 149, 114613
What are the prime factors of 1278553?
17, 75209
List the prime factors of 315896346.
2, 3, 17, 1032341
List the prime factors of 79296270.
2, 3, 5, 2643209
What are the prime factors of 30093144?
2, 3, 83, 15107
What are the prime factors of 47280883?
13, 3636991
What are the prime factors of 75440222?
2, 11, 13, 19, 13883
List the prime factors of 31601380.
2, 5, 107, 14767
What are the prime factors of 77462732?
2, 19365683
What are the prime factors of 47706809?
47706809
List the prime factors of 639694784.
2, 601, 16631
List the prime factors of 102336750.
2, 3, 5, 15161
What are the prime factors of 6441429?
3, 491, 4373
What are the prime factors of 369030192?
2, 3, 7688129
What are the prime factors of 1735791238?
2, 163, 1613, 3301
List the prime factors of 173280243.
3, 109, 313, 1693
What are the prime factors of 1822252776?
2, 3, 7793, 9743
List the prime factors of 31341908.
2, 13, 602729
What are the prime factors of 136930757?
3659, 37423
What are the prime factors of 1915958788?
2, 23, 20825639
List the prime factors of 3197234.
2, 1598617
List the prime factors of 112026741.
3, 37342247
List the prime factors of 1386709549.
257, 5395757
What are the prime factors of 117108655?
5, 157, 149183
What are the prime factors of 452508375?
3, 5, 11, 163, 673
List the prime factors of 11624497.
11624497
What are the prime factors of 423450533?
11, 37, 1040419
What are the prime factors of 687627057?
3, 13, 17631463
What are the prime factors of 286447991?
286447991
What are the prime factors of 29279699?
41, 714139
List the prime factors of 11816245.
5, 7, 337607
What are the prime factors of 9329933314?
2, 13, 27603353
List the prime factors of 598839647.
7, 29, 2949949
What are the prime factors of 20597848?
2, 2574731
List the prime factors of 41135128.
2, 71, 72421
List the prime factors of 5014809999.
3, 41, 13590271
List the prime factors of 5306482723.
3467, 1530569
What are the prime factors of 1427582542?
2, 43, 139, 307, 389
List the prime factors of 112012382.
2, 56006191
List the prime factors of 335714506.
2, 101, 1661953
List the prime factors of 640243348.
2, 757, 211441
List the prime factors of 888206014.
2, 444103007
What are the prime factors of 47547639?
3, 5283071
List the prime factors of 1116044942.
2, 558022471
What are the prime factors of 40935306?
2, 3, 541, 12611
What are the prime factors of 399627543?
3, 7, 19029883
List the prime factors of 356898393.
3, 107, 41179
What are the prime factors of 59349106?
2, 263, 112831
List the prime factors of 31656122.
2, 15828061
What are the prime factors of 176402658?
2, 3, 2917, 10079
What are the prime fac